{"id":33,"date":"2021-03-26T20:32:40","date_gmt":"2021-03-26T20:32:40","guid":{"rendered":"https:\/\/luftschloss-dettingen.de\/?page_id=33"},"modified":"2023-01-25T09:12:04","modified_gmt":"2023-01-25T09:12:04","slug":"angebot-2","status":"publish","type":"page","link":"https:\/\/luftschloss-dettingen.de\/?page_id=33","title":{"rendered":"Men\u00fckarte"},"content":{"rendered":"\n\n\n<h2><strong><span style=\"color: #800000;\">Weekly Specials<\/span><\/strong><\/h2>\n<p>Die folgenden Specials gibt es nur im angegebenen Zeitraum und so lange der Vorrat reicht!<\/p>\n<table style=\"border-collapse: collapse; width: 100%; height: 120px;\">\n<tbody>\n<tr style=\"height: 24px;\">\n<td style=\"width: 33.3333%; height: 24px;\"><strong>Wann?<\/strong><\/td>\n<td style=\"width: 59.1666%; height: 24px;\"><strong>Was?<\/strong><\/td>\n<td style=\"width: 7.49997%; height: 24px;\"><strong>Preis<\/strong><\/td>\n<\/tr>\n<tr style=\"height: 24px;\">\n<td style=\"width: 33.3333%; height: 24px;\">24. Oktober \u2014 13. November 22<\/td>\n<td style=\"width: 59.1666%; height: 24px;\">Pumpkin Spice Latte<\/td>\n<td style=\"width: 7.49997%; height: 24px;\">3,50<\/td>\n<\/tr>\n<tr style=\"height: 24px;\">\n<td style=\"width: 33.3333%; height: 24px;\">14. November \u2014 11. Dezember 2022<\/td>\n<td style=\"width: 59.1666%; height: 24px;\">Italienische hei\u00dfe Schokolade \u201eCiaobar\u201c<\/td>\n<td style=\"width: 7.49997%; height: 24px;\">3,50<\/td>\n<\/tr>\n<tr style=\"height: 24px;\">\n<td style=\"width: 33.3333%; height: 24px;\">12. Dezember \u2014 15. Januar 2023<\/td>\n<td style=\"width: 59.1666%; height: 24px;\">Tee \u201eWinterpunsch\u201c mit Frucht<\/td>\n<td style=\"width: 7.49997%; height: 24px;\">3,00<\/td>\n<\/tr>\n<\/tbody>\n<\/table>\n\n\n\n<p class=\"has-text-color has-large-font-size\" style=\"color:#820426\">Hei\u00dfgetr\u00e4nke<\/p>\n\n\n\n<p><em>Kaffee vom <a rel=\"noreferrer noopener\" href=\"https:\/\/kaffeewerk-zollernalb.de\/\" target=\"_blank\">Kaffeewerk Zollernalb<\/a> \u2014 mit Koffein die Sorte \u201eBalinger Stadtkaffee\u201c und koffeinfrei \u201e\u00c4thiopien Sidamo\u201c. Fair gehandelt und bio. Alle Kaffeespezialit\u00e4ten hergestellt mittels Siebtr\u00e4germaschine. Wahlweise mit normaler Milch, laktosefreier Milch oder vegan mit Hafermilch.<\/em><\/p>\n\n\n\n<table style=\"border-collapse: collapse; width: 100%; height: 207px;\">\n<tbody>\n<tr style=\"height: 23px;\">\n<td style=\"width: 50%; height: 23px;\">Espresso<\/td>\n<td style=\"width: 50%; height: 23px;\">2,00<\/td>\n<\/tr>\n<tr style=\"height: 23px;\">\n<td style=\"width: 50%; height: 23px;\">Doppelter Espresso<\/td>\n<td style=\"width: 50%; height: 23px;\">2,40<\/td>\n<\/tr>\n<tr style=\"height: 23px;\">\n<td style=\"width: 50%; height: 23px;\">Kaffee<\/td>\n<td style=\"width: 50%; height: 23px;\">2,60<\/td>\n<\/tr>\n<tr style=\"height: 23px;\">\n<td style=\"width: 50%; height: 23px;\">Cappuccino&nbsp;<\/td>\n<td style=\"width: 50%; height: 23px;\">3,00<\/td>\n<\/tr>\n<tr style=\"height: 23px;\">\n<td style=\"width: 50%; height: 23px;\">Latte Macchiato (gesch\u00e4umte Milch &amp; Espresso)<\/td>\n<td style=\"width: 50%; height: 23px;\">3,00<\/td>\n<\/tr>\n<tr style=\"height: 23px;\">\n<td style=\"width: 50%; height: 23px;\">Milchkaffee (gesch\u00e4umte Milch &amp; Kaffee)<\/td>\n<td style=\"width: 50%; height: 23px;\">3,00<\/td>\n<\/tr>\n<tr style=\"height: 23px;\">\n<td style=\"width: 50%; height: 23px;\">Hei\u00dfe Schokolade\/Kalte Schokolade<\/td>\n<td style=\"width: 50%; height: 23px;\">2,60<\/td>\n<\/tr>\n<tr style=\"height: 23px;\">\n<td style=\"width: 50%; height: 23px;\">Glas Milch \u2014 hei\u00df oder kalt<\/td>\n<td style=\"width: 50%; height: 23px;\">1,70<\/td>\n<\/tr>\n<tr>\n<td style=\"width: 50%;\">Honigmilch<\/td>\n<td style=\"width: 50%;\">2,2<\/td>\n<\/tr>\n<tr style=\"height: 23px;\">\n<td style=\"width: 50%; height: 23px;\">Babyccino (aufgesch\u00e4umte Milch)<\/td>\n<td style=\"width: 50%; height: 23px;\">1,00<\/td>\n<\/tr>\n<tr>\n<td style=\"width: 50%;\">&nbsp;<\/td>\n<td style=\"width: 50%;\">&nbsp;<\/td>\n<\/tr>\n<\/tbody>\n<\/table>\n\n\n\n<p><em>Tee beziehen wir lose von den <a rel=\"noreferrer noopener\" href=\"https:\/\/www.teeschwestern.de\/\" target=\"_blank\">Teeschwestern<\/a> in Kirchheim\/Teck. Wer mag, bekommt Milch zu seinem Tee, auch hier normale Milch, laktosefrei oder Hafermilch.<\/em><\/p>\n\n\n\n<table style=\"border-collapse: collapse; width: 100%; height: 205px;\">\n<tbody>\n<tr style=\"height: 23px;\">\n<td style=\"width: 50%; height: 23px;\">Schwarzer Tee \u201eEnglish Breakfast Tea\u201c<\/td>\n<td style=\"width: 50%; height: 23px;\">2,40<\/td>\n<\/tr>\n<tr style=\"height: 23px;\">\n<td style=\"width: 50%; height: 23px;\">Schwarzer Tee \u201eEarl Grey\u201c<\/td>\n<td style=\"width: 50%; height: 23px;\">2,40<\/td>\n<\/tr>\n<tr style=\"height: 23px;\">\n<td style=\"width: 50%; height: 23px;\">Kr\u00e4utertee &#8222;Kr\u00e4uterliebe&#8220;<\/td>\n<td style=\"width: 50%; height: 23px;\">2,40<\/td>\n<\/tr>\n<tr style=\"height: 23px;\">\n<td style=\"width: 50%; height: 23px;\">Gr\u00fcner Tee &#8222;Sencha Lemon&#8220;<\/td>\n<td style=\"width: 50%; height: 23px;\">2,40<\/td>\n<\/tr>\n<tr style=\"height: 23px;\">\n<td style=\"width: 50%; height: 23px;\">Rooibostee &#8222;Vanille&#8220;<\/td>\n<td style=\"width: 50%; height: 23px;\">2,40<\/td>\n<\/tr>\n<tr style=\"height: 23px;\">\n<td style=\"width: 50%; height: 23px;\">Fr\u00fcchtetee &#8222;Gute Laune&#8220;<\/td>\n<td style=\"width: 50%; height: 23px;\">2,40<\/td>\n<\/tr>\n<tr style=\"height: 44px;\">\n<td style=\"width: 50%; height: 44px;\">Chai Latte (frisch aufgebr\u00fchter Gew\u00fcrztee \u201eHappy Chai\u201c mit aufgesch\u00e4umter Milch)&nbsp;<\/td>\n<td style=\"width: 50%; height: 44px;\">3,00<\/td>\n<\/tr>\n<tr style=\"height: 23px;\">\n<td style=\"width: 50%; height: 23px;\">&nbsp;<\/td>\n<td style=\"width: 50%; height: 23px;\">&nbsp;<\/td>\n<\/tr>\n<\/tbody>\n<\/table>\n\n\n\n<p class=\"has-large-font-size\"><span style=\"color:#a30028\" class=\"tadv-color\">Erfrischendes<\/span><\/p>\n\n\n\n<p><em>Die NOW Biolimonade kommt vom <a href=\"https:\/\/www.lammsbraeu.de\/now-bio-limo\/\">Lammsbr\u00e4u<\/a> in Neumarkt, es ist bio drin (Neuland-zertifiziert) und schmeckt super erfrischend. Verf\u00fcgbarkeiten variieren.<\/em> <br><em>Die Apfelsaftschorle kommt vom <a rel=\"noreferrer noopener\" href=\"https:\/\/www.paradiesle.com\/lieblingssaft\/\" data-type=\"URL\" data-id=\"https:\/\/www.paradiesle.com\/lieblingssaft\/\" target=\"_blank\">G\u00f6kelerhof<\/a>, deren Obst von Lenninger Streuobstwiesen kommt und damit sehr regional ist. Wir bieten sie in naturtr\u00fcb und klar an, f\u00fcr jeden Geschmack ist etwas dabei.<\/em><\/p>\n\n\n\n<table style=\"border-collapse: collapse; width: 100%; height: 184px;\">\n<tbody>\n<tr style=\"height: 23px;\">\n<td style=\"width: 50%; height: 23px;\">NOW Biolimonade \u201ePink Rhabarber\u201c 0,33l\/0,75l<\/td>\n<td style=\"width: 50%; height: 23px;\">3,00\/5,50<\/td>\n<\/tr>\n<tr style=\"height: 23px;\">\n<td style=\"width: 50%; height: 23px;\">NOW Biolimonade \u201eFresh Lemon\u201c 0,33l\/0,75l<\/td>\n<td style=\"width: 50%; height: 23px;\">3,00\/5,50<\/td>\n<\/tr>\n<tr style=\"height: 23px;\">\n<td style=\"width: 50%; height: 23px;\">NOW Biolimonade \u201eHollerbl\u00fcte\u201c 0,33l<\/td>\n<td style=\"width: 50%; height: 23px;\">3,00<\/td>\n<\/tr>\n<tr style=\"height: 23px;\">\n<td style=\"width: 50%; height: 23px;\">NOW Biolimonade \u201eOrange Cola\u201c 0,33l<\/td>\n<td style=\"width: 50%; height: 23px;\">3,00<\/td>\n<\/tr>\n<tr style=\"height: 23px;\">\n<td style=\"width: 50%; height: 23px;\">Mineralwasser 0,33l \/ 0,75l<\/td>\n<td style=\"width: 50%; height: 23px;\">2,00 \/ 5,00<\/td>\n<\/tr>\n<tr style=\"height: 23px;\">\n<td style=\"width: 50%; height: 23px;\">Bio-Apfelsaftschorle 0,5l (naturtr\u00fcb oder klar)<\/td>\n<td style=\"width: 50%; height: 23px;\">3,00<\/td>\n<\/tr>\n<tr style=\"height: 23px;\">\n<td style=\"width: 50%; height: 23px;\">Hahnawasser<\/td>\n<td style=\"width: 50%; height: 23px;\">0,00<\/td>\n<\/tr>\n<tr style=\"height: 23px;\">\n<td style=\"width: 50%; height: 23px;\">&nbsp;<\/td>\n<td style=\"width: 50%; height: 23px;\">&nbsp;<\/td>\n<\/tr>\n<\/tbody>\n<\/table>\n<p>&nbsp;<\/p>\n\n\n\n<p class=\"has-large-font-size\"><span style=\"color:#850207\" class=\"tadv-color\">Eiskaltes<\/span><\/p>\n\n\n\n<p><em>Zwischen Mai und Oktober bieten wir Eis. Unser Eis kommt aus N\u00fcrtingen von dem kleinen, feinen Familienunternehmen <a rel=\"noreferrer noopener\" href=\"https:\/\/www.martosca.com\/\" target=\"_blank\">Martosca<\/a>. Alle verwendeten Lebensmittel sind nat\u00fcrlich, keine Chemie. Die Fruchtsorbets sind allesamt gluten-und laktosefrei und bestehen zum Hauptteil aus Fr\u00fcchten. Auch Vanille und Schoko sind glutenfrei. Und wir haben ganz neu laktosefreies Vanilleeis, was in Verbindung mit laktosefreier Milch oder Hafermilch eine laktosefreie Eisschokolade erm\u00f6glicht. Oder nat\u00fcrlich auch einen Eiskaffee. Bitte sagt uns vor der Bestellung, wenn Allergien vorliegen, dann k\u00f6nnen wir direkt darauf reagieren.<\/em><\/p>\n\n\n\n<table style=\"border-collapse: collapse; width: 100%; height: 225px;\">\n<tbody>\n<tr style=\"height: 43px;\">\n<td style=\"width: 50%; height: 43px;\">Eiskaffee (2 Kugeln Eis, selbstgebr\u00fchter Kaffee, Sahne, Schokoso\u00dfe, veganer Waffeltaler)<\/td>\n<td style=\"width: 50%; height: 43px;\">5,00<\/td>\n<\/tr>\n<tr style=\"height: 23px;\">\n<td style=\"width: 50%; height: 23px;\">Eiskaffee ohne Sahne<\/td>\n<td style=\"width: 50%; height: 23px;\">4,50<\/td>\n<\/tr>\n<tr style=\"height: 23px;\">\n<td style=\"width: 50%; height: 23px;\">Eisschokolade (2 Kugeln Eis, Bio-Kakao, Sahne, Schokostreusel, vagner Waffeltaler)<\/td>\n<td style=\"width: 50%; height: 23px;\">5,00<\/td>\n<\/tr>\n<tr style=\"height: 23px;\">\n<td style=\"width: 50%; height: 23px;\">Eisschokolade ohne Sahne<\/td>\n<td style=\"width: 50%; height: 23px;\">4,50<\/td>\n<\/tr>\n<tr style=\"height: 23px;\">\n<td style=\"width: 50%; height: 23px;\">Affogato (Espresso mit Eiskugel)<\/td>\n<td style=\"width: 50%; height: 23px;\">3,60<\/td>\n<\/tr>\n<tr style=\"height: 23px;\">\n<td style=\"width: 50%; height: 23px;\">Eiskugel (wechselnde Sorten \u2013 mind. 2 Milcheis, 2 Sorbets, laktosefreies Vanilleeis)<\/td>\n<td style=\"width: 50%; height: 23px;\">1,30<\/td>\n<\/tr>\n<tr style=\"height: 23px;\">\n<td style=\"width: 50%; height: 23px;\">Extra Sahne<\/td>\n<td style=\"width: 50%; height: 23px;\">0,50<\/td>\n<\/tr>\n<tr style=\"height: 44px;\">\n<td style=\"width: 50%; height: 44px;\">Milchshake (2 Kugeln Eis nach Wahl + Milch, wahlweise laktosefrei oder Hafermilch)<\/td>\n<td style=\"width: 50%; height: 44px;\">4,00<\/td>\n<\/tr>\n<\/tbody>\n<\/table>\n\n\n\n<p class=\"has-text-color has-large-font-size\" style=\"color:#670e0e\"><br>Snacks<\/p>\n\n\n\n<p><em>Unsere Brezen und Croissants sind von einer regionalen B\u00e4ckerei. <\/em><br><em>Unser phantastischer Kuchen kommt aus Lenningen von der <a href=\"https:\/\/www.baeckerei-bohnacker.de\/\">B\u00e4ckerei Bohnacker<\/a> (und wird dort extra f\u00fcr uns vom B\u00e4cker Friederich aus Dettingen gebacken). <br>Die Cookies sind im weitesten Sinne regional: Die B\u00e4ckerei <a rel=\"noreferrer noopener\" href=\"https:\/\/cookie-chunkie.de\/\" data-type=\"URL\" data-id=\"https:\/\/cookie-chunkie.de\/\" target=\"_blank\">Cookie Chunkie<\/a> in N\u00fcrnberg b\u00e4ckt die saftigen Cookies mit viel Herzblut, regionalen Lebensmitteln und ausgew\u00e4hlten Zutaten. <\/em><\/p>\n\n\n\n<table style=\"border-collapse: collapse; width: 100%; height: 161px;\">\n<tbody>\n<tr style=\"height: 23px;\">\n<td style=\"width: 50%; height: 23px;\">Breze (Di, Do,Sa)<\/td>\n<td style=\"width: 50%; height: 23px;\">1,20<\/td>\n<\/tr>\n<tr style=\"height: 23px;\">\n<td style=\"width: 50%; height: 23px;\">Butterbreze (Di, Do, Sa)<\/td>\n<td style=\"width: 50%; height: 23px;\">1,60<\/td>\n<\/tr>\n<tr style=\"height: 23px;\">\n<td style=\"width: 50%; height: 23px;\">\u00a0<\/td>\n<td style=\"width: 50%; height: 23px;\">\u00a0<\/td>\n<\/tr>\n<tr style=\"height: 23px;\">\n<td style=\"width: 50%; height: 23px;\">Cookie<\/td>\n<td style=\"width: 50%; height: 23px;\">3,00<\/td>\n<\/tr>\n<tr style=\"height: 23px;\">\n<td style=\"width: 50%; height: 23px;\">\u00a0<\/td>\n<td style=\"width: 50%; height: 23px;\">\u00a0<\/td>\n<\/tr>\n<tr style=\"height: 23px;\">\n<td style=\"width: 50%; height: 23px;\">\u00a0<\/td>\n<td style=\"width: 50%; height: 23px;\">\u00a0<\/td>\n<\/tr>\n<tr style=\"height: 23px;\">\n<td style=\"width: 50%; height: 23px;\">\u00a0<\/td>\n<td style=\"width: 50%; height: 23px;\">\u00a0<\/td>\n<\/tr>\n<\/tbody>\n<\/table>\n\n\n\n<p><\/p>\n\n\n\n<p class=\"has-text-color has-large-font-size\" style=\"color:#8e0000\">Zweites Fr\u00fchst\u00fcck<\/p>\n\n\n\n<p><em>Eine sch\u00f6ne Kombination aus unseren Hei\u00dfgetr\u00e4nken und den Snacks plus ein paar Extras.<\/em> Der Honig kommt von unserem Partner <a href=\"https:\/\/www.gubis-bienenprodukte.de\/\">https:\/\/www.gubis-bienenprodukte.de\/<\/a> aus Notzingen. <\/p>\n\n\n\n<table style=\"border-collapse: collapse; width: 100%; height: 157px;\">\n<tbody>\n<tr style=\"height: 44px;\">\n<td style=\"width: 50%; height: 44px;\">Schw\u00e4bisches Fr\u00fchst\u00fcck (Ein Hei\u00dfgetr\u00e4nk nach Wahl mit einer (Butter-)Breze)<\/td>\n<td style=\"width: 50%; height: 44px;\">3,80<\/td>\n<\/tr>\n<tr style=\"height: 44px;\">\n<td style=\"width: 50%; height: 44px;\">\u00a0<\/td>\n<td style=\"width: 50%; height: 44px;\">\u00a0<\/td>\n<\/tr>\n<tr style=\"height: 23px;\">\n<td style=\"width: 50%; height: 23px;\">Butter<\/td>\n<td style=\"width: 50%; height: 23px;\">0,50<\/td>\n<\/tr>\n<tr style=\"height: 23px;\">\n<td style=\"width: 50%; height: 23px;\">Marmelade\/Honig\/Schokocreme<\/td>\n<td style=\"width: 50%; height: 23px;\">0,50<\/td>\n<\/tr>\n<tr style=\"height: 23px;\">\n<td style=\"width: 50%; height: 23px;\">\u00a0<\/td>\n<td style=\"width: 50%; height: 23px;\">\u00a0<\/td>\n<\/tr>\n<\/tbody>\n<\/table>\n\n\n\n<p><br \/><br \/><\/p>\n\n\n\n\n\n<p><\/p>\n","protected":false},"excerpt":{"rendered":"<p>Weekly Specials Die folgenden Specials gibt es nur im angegebenen Zeitraum und so lange der Vorrat reicht! Wann? Was? Preis 24. Oktober \u2014 13. November 22 Pumpkin Spice Latte 3,50 14. November \u2014 11. Dezember 2022 Italienische hei\u00dfe Schokolade \u201eCiaobar\u201c 3,50 12. Dezember \u2014 15. Januar 2023 Tee \u201eWinterpunsch\u201c mit Frucht 3,00 Hei\u00dfgetr\u00e4nke Kaffee vom&hellip; <a href=\"https:\/\/luftschloss-dettingen.de\/?page_id=33\" class=\"more-link\">Weiterlesen <span class=\"screen-reader-text\">Men\u00fckarte<\/span><\/a><\/p>\n","protected":false},"author":1,"featured_media":0,"parent":0,"menu_order":1,"comment_status":"closed","ping_status":"closed","template":"","meta":[],"_links":{"self":[{"href":"https:\/\/luftschloss-dettingen.de\/index.php?rest_route=\/wp\/v2\/pages\/33"}],"collection":[{"href":"https:\/\/luftschloss-dettingen.de\/index.php?rest_route=\/wp\/v2\/pages"}],"about":[{"href":"https:\/\/luftschloss-dettingen.de\/index.php?rest_route=\/wp\/v2\/types\/page"}],"author":[{"embeddable":true,"href":"https:\/\/luftschloss-dettingen.de\/index.php?rest_route=\/wp\/v2\/users\/1"}],"replies":[{"embeddable":true,"href":"https:\/\/luftschloss-dettingen.de\/index.php?rest_route=%2Fwp%2Fv2%2Fcomments&post=33"}],"version-history":[{"count":45,"href":"https:\/\/luftschloss-dettingen.de\/index.php?rest_route=\/wp\/v2\/pages\/33\/revisions"}],"predecessor-version":[{"id":722,"href":"https:\/\/luftschloss-dettingen.de\/index.php?rest_route=\/wp\/v2\/pages\/33\/revisions\/722"}],"wp:attachment":[{"href":"https:\/\/luftschloss-dettingen.de\/index.php?rest_route=%2Fwp%2Fv2%2Fmedia&parent=33"}],"curies":[{"name":"wp","href":"https:\/\/api.w.org\/{rel}","templated":true}]}}